 3
3
(-6 - 4) + 1 + 6
-3
Evaluate (7 + -4 - 8) + 15 + -4.
6
-1 + -1 + (-5 - 0 - -5)
-2
Evaluate -1 + -2 + 0 + -1.
-4
What is the value of -1 - ((-11 - -3) + 7 + -2)?
2
Evaluate 2 + (0 - 3 - (-1 + -3)).
3
What is the value of (-12 - -4) + 14 - 4?
2
Evaluate 0 + -2 + (-11 - -13).
0
What is (21 - 25) + (3 - 3)?
-4
Calculate 22 + -19 + (0 - -2).
5
What is -15 + 8 - (0 - 3)?
-4
What is the value of -2 + 6 - (1 - -5)?
-2
What is the value of 141 + -139 + (1 - -1)?
4
What is (-2 - 2) + 4 + -1?
-1
Evaluate (-10 - (1 + -7)) + 8.
4
What is (0 - (0 - -1)) + 3 + -3?
-1
Calculate (-55 - -66) + (-1 - 18).
-8
Evaluate 2 + (3 + 1 + -7 - 1).
-2
Evaluate 6 - (-1 + 0 + (13 - 9)).
3
Evaluate 13 + -12 + (4 - 8).
-3
What is (-4 - (-4 + 3) - -5) + 0?
2
Evaluate 0 - (-15 - (-21 + -4)).
-10
Calculate -7 + 7 + 4 - 3.
1
Evaluate 28 + -19 + (-5 - 0).
4
What is -5 + -1 + (-7 - (-12 + 0))?
-1
Calculate -9 + 4 + 2 + -3 + 1.
-5
8 + (-3 - (5 + -2))
2
Calculate -6 - -1 - (-26 + 16).
5
What is -16 - (1 + 5 + -13)?
-9
Evaluate 3 + -7 - (4 + -3 + -10).
5
Calculate 0 + -4 - (-4 + 5).
-5
(-19 - -18) + -2 + -1
-4
What is -3 - -8 - (-2 + 1 + 2)?
4
-2 - -1 - (-2 - (-7 - -2))
-4
Calculate 1 + -6 - -8 - (6 + -4).
1
Evaluate 4 - (-2 + (6 - 3)).
3
Calculate -3 - (-5 + 3 - -4) - -7.
2
What is the value of 0 + 3 + -2 + 0?
1
Evaluate ((-5 - -3) + -1 - 0) + -1.
-4
Evaluate -5 - ((-3 - 8) + 1).
5
What is the value of 1 - (7 - (1 - -3))?
-2
(-9 - 3 - -6) + 7 + 3
4
What is the value of -1 + (6 - 7) + -2 + 9?
5
Evaluate (-7 + 5 + 8 - 7) + -2.
-3
Calculate (-3 - (8 + -2)) + 4.
-5
Calculate 15 + -6 + -3 + -8.
-2
What is the value of -7 + 10 - (1 - -2)?
0
What is 3 - (-8 + 20 - 6)?
-3
Calculate 12 - (39 + -45 - (-1 - 11)).
6
What is the value of -10 - (-2 + (-11 - -10))?
-7
12 - (-11 + 11) - 13
-1
4 + -5 + 2 + 2
3
Calculate 17 + -23 + (1 - (-3 - -1)).
-3
What is the value of 36 - 31 - (2 + (1 - 0))?
2
8 + 3 - 9 - -1
3
Calculate 5 + 2 + (0 - 2).
5
Evaluate 0 + 4 + (-1 - -2) - 5.
0
Evaluate 9 + 0 - (66 - 62).
5
What is 1 + 4 - (-6 + 2 + 7)?
2
What is the value of -6 + 0 + 4 + 2?
0
Calculate 3 + -1 + -5 + 0 + 13.
10
What is the value of 5 + -6 + 5 + -5?
-1
What is (-10 - -11) + -2 + -1 + -7?
-9
Calculate -3 + 1 + 4 - 1.
1
What is the value of -6 - 4 - (-2 - 1) - -3?
-4
What is the value of 2 + 0 + (-14 - -29 - 13)?
4
What is the value of -6 - (-8 - -11 - 14)?
5
Calculate 3 + (-7 - -3 - 4) - -1.
-4
Calculate 1 + (2 - (-1 - 1)).
5
Calculate 0 + -2 + (-60 - -56).
-6
(7 - (23 + -16)) + 1 + 1
2
What is the value of -3 + 5 + -1 + 0 + 3?
4
What is -2 + (-2 + -1 - (5 + -6))?
-4
What is the value of -4 - -5 - -4 - (11 - 2)?
-4
Evaluate (13 - 11) + (0 - 1) + 3.
4
Calculate 5 + -4 + (3 - 3) + 1.
2
-36 - -37 - (0 + 1)
0
Evaluate -2 + 6 + -4 + 3.
3
What is -12 + 7 - (1 - (1 + 1))?
-4
What is 2 + (-4 - 0) + -2?
-4
Evaluate 1 + -3 + 15 + -14.
-1
-3 + (7 - -4) + -4 - 5
-1
What is the value of (-8 - (2 + -5)) + -1 + 4?
-2
Evaluate -6 - (-7 + (5 - 8)).
4
Calculate -5 - 0 - (-28 - -20).
3
Evaluate 11 + -6 - (-3 - (-3 + 1)).
6
Calculate 6 - -2 - 4 - 2.
2
Calculate -5 - (5 + (-3 - 7)).
0
What is the value of 3 - (6 + 0) - (-1 - 7)?
5
What is the value of -14 - -5 - -6 - (8 - 6)?
-5
What is 3 + 5 + -2 + -35 + 30?
1
2 - ((-3 - 1) + (2 - -1))
3
What is the value of 10 - 10 - (0 - -4) - 1?
-5
What is the value of -2 - (-49 + 49 + (-1 - 3))?
2
0 + (9 - 10 - 5)
-6
Evaluate -4 - (-12 - -6) - (3 + 1).
-2
Evaluate 35 - 24 - (3 + 6).
2
Calculate 2 + 4 + -9 + 5 + -1.
1
What is 3 - 2 - (6 - 3)?
-2
Calculate 8 + -5 + 2 - (-4 + 4).
5
What is the value of -97 + 96 - (11 + -1)?
-11
What is the value of -23 + 17 + (2 - -4) - 7?
-7
What is 2 + 2 + (-8 - -9)?
5
Calculate 0 + (-10 - -6) + (-1 - -5).
0
What is 10 + -7 - (9 - 2)?
-4
What is (-35 - -33) + (0 - 0) + 5?
3
What is the value of (0 + 4 - -2) + -5 + 3?
4
Calculate -7 + 5 + -3 + (0 - -4).
-1
What is the value of -1 + 0 + (3 - (4 - 5))?
3
Calculate -2 + -1 + -28 + 34.
3
Calculate -4 - (-10 - (-3 - 4)).
-1
What is the value of -3 + (5 - (3 + -2))?
1
(14 - 26) + 13 + -6 + 0
-5
Calculate 0 + (9 - 9) - -5.
5
4 + -7 + 4 - (1 - -1)
-1
Evaluate (-26 - -31) + (1 - 10) - -6.
2
What is the value of -18 + (13 - 4) + 17?
8
Calculate -4 + (4 - 0) + 4 - 8.
-4
Calculate 0 + 6 + 1 - (-9 - -12).
4
3 + -3 + 5 + 2 - 9
-2
Evaluate (10 - -1) + 0 - 13.
-2
What is (-11 - -9) + -1 + 5?
2
Calculate (-9 + 3 - 0) + 1 + 6.
1
(1 - 5) + 2 - -3
1
-14 - (-4 - (2 + 19))
11
Calculate 3 + -2 + 0 - -3.
4
Calculate -5 - (-17 + (11 - 5)).
6
What is 11 + 1 - (54 + -47)?
5
What is the value of 1 - (2 - -2) - 2?
-5
What is -2 + (-3 - -8 - -2)?
5
What is the value of 14 + -27 + 12 - 6?
-7
(32 - 31) + (-3 - 1)
-3
7 - (1 + -1 + 8)
-1
Calculate -21 - (-3 + -1) - -8.
-9
What is -2 + -3 + (1 + -2 - -5)?
-1
Calculate (-4 - (-5 + 2 + -6)) + -9.
-4
-1 - (-11 - -6) - (1 + 5)
-2
What is the value of 2 + -2 + 0 + (-7 - -6)?
-1
Calculate 2 - 2 - 0 - -3.
3
Calculate -14 + 28 + (-2 - 2 - 1).
9
Calculate 0 + 5 - (-7 - -11 - 3).
4
What is 38 + -44 - (-5 + -2)?
1
What is the value of -1 + -2 + (-2 - -8 - 1)?
2
Evaluate 2 - ((-3 - 2) + 2).
5
What is the value of 5 + 5 + 8 + -13?
5
Evaluate (11 - 2) + (2 - -3 - 10).
4
What is -1 + (-1 - -13) + (-38 - -33)?
6
Calculate 8 - (22 - (9 - 2)).
-7
13 + -4 + 0 + -9
0
Calculate (-2 - (-4 - -9)) + 4.
-3
What is the value of (3 + -1 + -4 - -8) + -1?
5
Evaluate 11 - (-9 - -9) - 4.
7
Evaluate -1 + -14 + 16 + -1.
0
Calculate -2 - (5 - (5 - -2) - -4).
-4
What is the value of 11 + -5 - (4 + 3)?
-1
Calculate -9 + 14 - (0 - -4).
1
Calculate (-2 - (-5 - -1)) + -1 + 2.
3
What is the value of (-9 - -17) + (2 - 1) - 5?
4
What is the value of 8 + -1 + 1 - (-66 + 69)?
5
What is -1 - 6 - (-10 - -6)?
-3
What is the value of 40 + -34 + -2 + 0?
4
What is the value of -3 + -2 - (3 - 4)?
-4
What is the value of -4 + -1 + -1 + 4 + -1?
-3
2 - (6 + -10 - -2)
4
6 - 1 - (4 + 5 + -2)
-2
Calculate -1 + -1 + -12 + 11.
-3
Evaluate (-6 - -8) + -18 + 8.
-8
Evaluate 2 + (3 - 3) - -2.
4
Calculate 0 - (0 - 3 - 2).
5
(6 - (6 + -5)) + -2 + 6
9
0 + 1 + 1 - (41 - 35)
-4
Evaluate -4 - -2 - (2 - 1).
-3
What is 4 + -9 + -1 + 13 + -7?
0
Evaluate 3 + 0 + -1 + -1.
1
What is the value of -1 - (-3 + (2 - 2))?
2
Evaluate -6 + 6 + -1 + 6.
5
What is the value of 8 - 2 - (-5 - -13 - 2)?
0
What is 7 + 8 + -10 - 13?
-8
3 + -14 + 12 - (-5 - 0)
6
Evaluate 3 - 1 - (1 - 4).
5
1 - -3 - (6 + 0 + -2)
0
What is the value of -2 - (5 - (-4 - -3) - 3)?
-5
What is 0 - 1 - -2 - 0 - -4?
5
What is (-3 - (0 + -1)) + (-2 - 1)?
-5
Calculate -3 + (8 - -3 - 3).
5
What is the value of (0 - 1) + 5 + (-154 - -143)?
-7
-2 - 3 - (3 - 7)
-1
Evaluate 3 + (0 + -8 - (-27 + 25)).
-3
Evaluate -2 + (6 - 2) + -5.
-3
What is the value of -15 + 14 - (-3 + 2)?
0
What is (4 - 3 - 1) + 1 + 2?
3
-2 + 1 + (-1 - -3)
1
9 + -8 + (0 - (-1 + -1))
3
What is the value of (4 - 1) + 5 + 4 + -14?
-2
What is -2 - (10 + -13) - -2?
3
(-9 - 2) + (3 + 9 - 7)
-6
Evaluate -13 + (11 + -17 - -19).
0
Evaluate -1 + 3 + -3 - -2.
1
5 + -8 - (6 + -9)
0
What is the value of (-1 - (6 + -3 + 0)) + 4?
0
Calculate (1 - 1) + -12 + (27 - 9).
6
What is the value of -2 - -8 - (-1 - (-2 - 2))?
3
What is the value of 3 + 4 + -2 + -5 + 2?
2
What is 1 + -3 + (1 - -5)?
4
Evaluate 5 + (-6 - -10) + (-18 - -13).
4
92 + -90 + 5 + -1
6
What is the value of 1 - ((6 - 4) + -1)?
0
What is the value of 7 - ((1 - -3 - 2) + 0)?
5
Evaluate -6 - ((8 - (-7 + 8)) + -7).
-6
What is the value of 1 + 2 + 0 + 11 + -14?
0
What is the value of 4 + -4 + -5 - -1 - 3?
-7
Evaluate -1 + 2 + (-1 - 0).
0
What is 0 + 1 + -2 + (18 - 20)?
-3
Evaluate -10 + (-7 + 3 + 4 - -7).
-3
Evaluate -8 - -2 - (-8 - -4).
-2
Calculate (0 - -3) + (5 - (-5 - -10)).
3
Calculate (-4 - (-8 - 0)) + -17 + 6.
-7
What is the value of -4 + 2 + (-3 - -7)?
2
-3 + (4 - 2 - -2)
1
Evaluate (-13 - -14) + 3 + 0.
4
Calculate (-5 - (-3 - (4 + -5))) + 6.
3
Evaluate 7 + (-1 + (0 - 5) - 0).
1
Calculate 5 - (22 + -12 - -2).
-7
Calculate (-10 - -12) + (1 - 1).
2
Evaluate 5 - (-4 + 13 - 6).
2
Evaluate 7 + -4 + 1 - 7.
-3
What is the value of 1 - (2 - 3) - (1 + 1)?
0
Evaluate -2 + (4 - 4) + -2.
-4
Calculate 6 + -11 + (-3 - -8).
0
Evaluate (3 - (7 - -4)) + (-1 - 0).
-9
Evaluate (-6 - (-7 - -3)) + 7 + 0.
5
What is (-13 - (8 - 26)) + 4?
9
Evaluate 6 + -4 + (3 - 1) + -4.
0
What is the value of 13 + (1 - 